1
Suppose -30*d = -10499 - 22391 - 220760. What is the thousands digit of d?
8
Suppose -4*v + 52513 = k, -2*k = 3*v - 4762 - 34629. What is the units digit of v?
7
Let m be 1736/98 - (-4)/14. Suppose -4*a = -50 + m. What is the units digit of a?
8
Suppose 65 = -12*l + 113. Suppose -5*p + 4420 = -l*h, -3*h - 246 + 1130 = p. What is the tens digit of p?
8
Suppose -5*c + 5 = k + 4, c = 1. Let o = -2 - k. What is the tens digit of ((-264)/20)/(o/(-25))?
6
Let d(o) = 39*o**2 - 30*o - 250. What is the hundreds digit of d(36)?
2
Let c(r) = 4*r**2 + 137*r + 385. What is the thousands digit of c(39)?
1
Let j(p) = -1084*p - 872. What is the ten thousands digit of j(-27)?
2
Let i(n) = 3*n**2 + 5*n - 13. Let z be i(2). Suppose 3*m + v - 751 = 0, -3*m + 745 = 4*v + z. What is the hundreds digit of m?
2
Let n(k) = 11*k**2 + 154*k - 96. What is the tens digit of n(-24)?
4
Let j = -28302 + 46696. What is the tens digit of j?
9
Let z = -279 + 278. Let f(y) = 1407*y**2 - 2*y + 4. What is the units digit of f(z)?
3
Suppose -24*f + 990 = 9*f. What is the tens digit of -1 - ((-25856)/f - 40/300)?
6
Let t(d) = d**2 + 13*d + 10. Let u be t(-12). What is the units digit of ((-1322)/6)/(u/6)?
1
Let r be (-9)/15 - (-115)/25. Suppose -2*v + 18 = -5*v + 3*z, r*z = 5*v + 29. What is the tens digit of (v/5)/(4/(-316))?
7
Let l = -19 - -16. Let q be l - 3/(-2)*4. Suppose -351 = -12*o + q*o. What is the units digit of o?
9
What is the units digit of 9/((-441)/(-115283)) - 6/(-21)?
3
Let d = 212 + -226. Let l be 69 + 5 - (1 - -1). Let n = l + d. What is the tens digit of n?
5
Let a(c) = 2*c**3 - 2*c**2 - 3*c + 3. Let f be a(1). Let u = -22 - -32. Suppose -u*r + 797 + 353 = f. What is the hundreds digit of r?
1
Suppose -435*o = -982257 - 860403. What is the thousands digit of o?
4
What is the units digit of (-30)/((-287532)/(-19170) + -15)?
0
Let u = -16020 - -25016. What is the tens digit of u?
9
Let j be 6/24 + (-3915)/(-20). Suppose -238 = -s - j. What is the units digit of s?
2
Suppose 172 - 173 = 3*m - 5*o, 4*o = 4*m - 4. Let z be 26/6 - (-1)/(-3). What is the units digit of (-1096)/(-32) + m/z?
5
Suppose -14 - 76 = 10*a. What is the units digit of -2109*((-6)/a - 1)?
3
Suppose 4*c + 232 = 3*r, r + 2*c - 74 = 4*c. Let s = r - -120. Suppose 2*x - s - 86 = 2*z, z = 5*x - 709. What is the units digit of x?
1
Suppose 5*z - 3*z - 4 = -3*c, -5*z + 10 = -5*c. What is the tens digit of z/4*(-3 - -891)/2?
2
Suppose -8112546 = -263*r + 29*r. What is the ten thousands digit of r?
3
Let u(s) = 3*s**2 + 78*s - 14. Let a be u(-20). What is the units digit of (a/(-68))/(2/116)?
9
Let i be -5 + 5/1 - (-4 + 7). What is the hundreds digit of (-107228)/(-165) - 8/180*i?
6
Let g(s) be the second derivative of -s**3/6 + 25*s**2/2 + 6*s. Let o be g(20). Suppose o*f - 506 = -3*y, f + y = 4*y + 94. What is the tens digit of f?
0
Let u(y) = -5*y**3 - 9*y**2 - 10*y + 6. Let n be u(8). What is the tens digit of (n/75)/(1/20*-2)?
2
Let t(i) be the second derivative of 97*i**3/6 - 143*i**2/2 - 174*i. What is the units digit of t(4)?
5
Let s be (-217)/(-77) - (-12)/66. What is the hundreds digit of ((-2)/s)/(39/(-35334))?
6
Suppose -j = -4*j + 2*p + 9, -4*p - 3 = -3*j. Let k(v) = 27*v**2 - 6*v - 6. Let y be k(j). Suppose -10*n + y = -n. What is the units digit of n?
1
Let f be (1*15)/(3 - 2). Let d = -1713 - -1638. Let n = f - d. What is the units digit of n?
0
Suppose 2*r + 34*k = 37*k + 12574, 0 = -4*r - 2*k + 25148. What is the tens digit of r?
8
Let b(f) = 786*f**3 - 97*f**2 + 378*f. What is the tens digit of b(4)?
6
Let z be (-664)/((4/(-10))/(4/20)). Let y = z + -144. What is the hundreds digit of y?
1
Suppose -t - 2*t + 2*t = 0. Suppose 55*p - 53*p - 130 = t. What is the tens digit of p?
6
Let l(q) = -q**2 + 12*q + 27. Let j be l(12). Suppose 2*i = 4*k - 66, -i - 4*k + j = -2*i. What is the units digit of ((-1272)/26)/(-6) - (-6)/i?
8
Let x be (32/(-10))/(-4)*(-45)/(-6). Let c be -2 + 94/18 - x/27. What is the tens digit of (-442)/(-11) - c/((-132)/(-8))?
4
Let z = -4 + -4. Let r = 15 + z. What is the units digit of 1/4*271 + r/28?
8
Let p = -65 - -92. Suppose 0 = 22*r - p*r + 25. Let l(d) = 12*d - 1. What is the units digit of l(r)?
9
Let b(p) = -2*p**3 - 16*p**2 + p - 16. Let y = 30 - 26. Suppose 16 + 20 = -y*f. What is the hundreds digit of b(f)?
1
Suppose 3*f = 3, -18*c + 55*f + 105245 = 54*f. What is the hundreds digit of c?
8
Let j(r) be the first derivative of -14 - 21/2*r**2 + r. What is the units digit of j(-4)?
5
Let l(d) = d**2 + 12*d + 4. Let i(a) = 10*a - 48. Suppose -28 = -5*o + 3*o - 4*z, 20 = 2*o + 2*z. Let v be i(o). What is the tens digit of l(v)?
9
Suppose 26060 = 2*v - 2*z, 3*z - 47 + 35 = 0. What is the tens digit of v?
3
Let x(p) = 100*p**3 + 3*p**2 + 14*p - 22. What is the tens digit of x(4)?
8
Let n = -19180 + 56418. What is the ten thousands digit of n?
3
What is the units digit of (-2)/3*(18 + 533844/(-72))?
1
Suppose -6*p - 4198 = -2*v - 2*p, -v + 2096 = -3*p. What is the units digit of v?
5
Let p = -5101 + 19712. What is the tens digit of p?
1
Let q = 1786 - -2696. What is the tens digit of q?
8
Let a be 2/4 + (-324)/(-24). Suppose a*z - 5307 = 377. What is the units digit of z?
6
Suppose -2 = -x - 2*l, 0 = 3*x - 5*l + 9*l - 6. Suppose 0*y - 5*y + 2*b + 287 = 0, -4*b + 110 = x*y. What is the tens digit of y?
5
Let k(v) = -1593*v + 732. What is the hundreds digit of k(-8)?
4
Suppose 2*d + 9100 + 127268 = 5*p, -p + 5*d + 27292 = 0. What is the hundreds digit of p?
2
Suppose 3*l + 2*u + 10 = 0, u + 1 = 5*l + 9. Let n be -10 + -6 - (l + -1). Let t = n + 205. What is the hundreds digit of t?
1
Suppose -4*r + 11*r = 7868. Suppose 4*n - 1172 = a + 1078, 0 = -2*n + a + r. What is the hundreds digit of n?
5
Suppose -105*d = -154*d - 265*d + 1471718. What is the tens digit of d?
8
Let a be ((-15)/3 + 8/2)*-3. Suppose w - 3 - 521 = -a*i, 15 = -5*i. What is the tens digit of w?
3
Suppose 127*b = 128*b - 635. Let h = 25 + b. What is the units digit of h?
0
Let t(v) = 263*v - 43. What is the tens digit of t(7)?
9
Let n be 153/6*-12*(-11)/22. Suppose 0 = -0*z + 5*z - 1620. Let p = z - n. What is the hundreds digit of p?
1
Let q = 190322 + -114497. What is the tens digit of q?
2
Suppose 3*j + 0*d = -d + 27, 4*j + 3*d = 41. Let w(r) = r**2 - 2*r + 32. What is the units digit of w(j)?
0
Suppose 233*u - 59592 = 108*u + 113*u. What is the thousands digit of u?
4
Let r(j) = 269*j**3 - 2*j**2 + j + 1. Let a be r(1). Let x = a + -77. What is the units digit of x?
2
Suppose 5*l + 4*c = 1189, 3*l + 164 = -c + 883. Let v be ((-9)/(-1) - 3)*26/(-39)*4. Let k = v + l. What is the units digit of k?
5
Suppose 3*y = 9 - 207. What is the hundreds digit of (y/198)/(1/(-4563))?
5
Suppose 133*l + 34217 - 479455 = 594955. What is the hundreds digit of l?
8
Suppose 3*c - 3*v = 90579, c + 1519*v - 30205 = 1517*v. What is the tens digit of c?
9
Suppose 5*i + 5*d + 41115 = 0, 0 = 2*i - 5*d + 9783 + 6698. What is the units digit of (i/34)/(2/(-4))?
4
Let f = 549 - 188. Suppose 3*c + 2*z = 4*c - 87, 0 = -4*c - 5*z + f. What is the tens digit of c?
8
Let m(v) = -95*v + 31. Let k be m(4). Let l = 499 + k. What is the hundreds digit of l?
1
Let a(w) = 100*w**2 + 3. Let y(g) = g**2 - 5*g - 48. Let z be y(-5). What is the units digit of a(z)?
3
Let u(n) = -793*n - 7059. What is the units digit of u(-66)?
9
Let g(b) = 358*b**2 - 34*b + 122. What is the thousands digit of g(5)?
8
Suppose 0 = 4*z + 4, -d + 7*z - 10*z + 98 = 0. Let b = d + -78. What is the units digit of b?
3
Let d(n) = -n**3 + 38*n**2 - 55*n - 371. What is the units digit of d(35)?
9
Let l(y) = 151*y**2 - 117*y - 1278. What is the tens digit of l(-16)?
5
Suppose 0 = -5*c - 4*u + 433153, 159*u - 164*u - 346588 = -4*c. What is the ten thousands digit of c?
8
Let j = -20328 - -33765. What is the ten thousands digit of j?
1
Let y(m) = 102*m**2 + 127*m + 1382. What is the ten thousands digit of y(-12)?
1
Let w(p) = 8*p**2 - 16*p + 18. Let k(x) = -15*x**2 + 33*x - 36. Let z(b) = 2*k(b) + 5*w(b). What is the units digit of z(8)?
6
Let i = 4503 - 1471. Suppose -5*y + 13*f = 12*f - i, 0 = -5*f - 10. What is the tens digit of y?
0
Let n = 16669 + -5938. What is the units digit of n?
1
Suppose -5*k - j + 41 = -0*j, 2*j + 38 = 5*k. Suppose -3*b + k*b = 25.